16. Give t(b).
13
Let o(a) be the third derivative of 0*a + 1/12*a**4 - 11*a**2 + 1/3*a**3 + 0. Calculate o(-4).
-6
Let w(d) = -d**3 - 23*d**2 + 22*d - 30. Let s(h) = h**2 + 450*h - 5095. Let y be s(11). Calculate w(y).
18
Let l(p) = 2*p**2 + 12. Let g(r) = r**2 + 7. Let u be (-1*2)/(63/126). Let o(f) = u*l(f) + 7*g(f). What is o(1)?
0
Let u(d) be the first derivative of -13*d**2/2 + 78*d + 481. Give u(8).
-26
Let f(o) = -16*o**3 + 2*o**2 + 36*o + 34. Let g(i) = -7*i**3 + 17*i + 17. Let b(l) = 3*f(l) - 7*g(l). Determine b(-7).
11
Suppose -o = 3*c - 4*c - 24, 0 = 4*o - 2*c - 96. Let a = o - 26. Let u(w) = 2*w**2 - w - 2. What is u(a)?
8
Let x be 21/6*80/28. Let o(p) be the third derivative of p**6/120 - p**5/6 - p**4/24 + 7*p**3/6 - 8*p**2. Determine o(x).
-3
Let g(q) = 2*q - 2. Let m(u) = -u - 1. Let c(h) = -g(h) - 4*m(h). Let k be c(-6). Let x be (-15)/k - (-2)/(-4). Let y(i) = i - 2. Give y(x).
0
Let b be (2506/895)/(1/5). Let i(s) = -s**2 + 15*s - 12. What is i(b)?
2
Let h = -1756 + 1753. Let v(c) = -c**3 - c**2 + 14*c + 20. Give v(h).
-4
Suppose -5*y - 45 = 4*m, -5*y + 4*m - 30 = 5*m. Suppose 0 = 5*a - a - 8. Let o(l) = 9 + l**a + 7 - 12 + 5*l. Calculate o(y).
4
Let j(t) = -t + 1. Let l be j(-1). Let c(k) = 8*k + l - 3*k - k + 3*k. Determine c(3).
23
Let y(a) = -2*a**2 - 24*a + 61. Let d = -1882 - -1868. Calculate y(d).
5
Let p(j) = j**3 + 2*j**2. Suppose -2*n = -3*q + 1, -304*n = 4*q - 306*n. What is p(q)?
1
Let r(p) be the third derivative of p**5/60 + 5*p**4/24 + p**3 - 8*p**2 - 287. Suppose 2*g - 6*g = 5*w, 3*w = 12. What is r(g)?
6
Let t(i) = i + 1. Let a = 39 + -28. Suppose 3 = -a*b - 8. Let p(n) = 2*n - 3. Let u(d) = b*p(d) + t(d). Calculate u(6).
-2
Suppose 86*h = 81*h + 2*f, 3*h = -2*f. Let q(s) = 2*s**2 - 2*s - 6. What is q(h)?
-6
Let m(p) = -102*p**2 + 51*p + 80. Let o(a) = 47*a**2 - 25*a - 41. Let b(d) = -6*m(d) - 13*o(d). Calculate b(-16).
5
Let q(y) be the second derivative of y**4/12 + 5*y**3/2 + 17*y**2/2 + 1437*y. Calculate q(-10).
-33
Suppose -i = -1, 5*q = -2*i + 4*i - 37. Let k(o) = -2*o - 21. Let n(s) = 3*s + 32. Let f(y) = q*k(y) - 5*n(y). Let a be ((3 - -2) + 1)/(-1). Determine f(a).
-7
Let v(x) = -4*x - 11. Let m(c) = -35*c + 16*c + 17*c - 5. Let d(o) = 13*m(o) - 6*v(o). Let q be (2/6)/(3/27). Determine d(q).
-5
Let z = -73 - -76. Let x(c) = -7*c**3 + 7*c**2 + 10*c + 5. Let r(i) = 4*i**3 - 3*i**2 - 5*i - 3. Let q(d) = z*x(d) + 5*r(d). Calculate q(7).
-14
Let o(q) = -q**2 + 16*q - 10. Suppose -5*r = 4*b - 67, r + 4*b - 27 = -20. Determine o(r).
5
Let s(u) = u**3 + 4*u**2 + u - 5. Let h be s(-5). Let z be (-4)/(-10) + (-2 - (-1239)/h). Let d = z + 34. Let l(v) = -v**3 - 5*v**2 - 3*v. Determine l(d).
-9
Let b be ((-216)/30 - -6)*-5. Let h(j) = -629 + 2*j**2 - b*j + 630 - j**2. What is h(5)?
-4
Let y(d) = -d**2 - 3*d - 1. Let g = 33 + -21. Suppose -10 = g*h + 14. Determine y(h).
1
Let s(w) = w + 1. Let i(o) = 4*o + 18. Let q(f) = -i(f) + 3*s(f). Suppose l + 3*l - 64 = 0. Suppose 3*u = -4*h + l, 0*h + 12 = -3*u + 3*h. Calculate q(u).
-15
Let m(y) = -5*y. Let s be 1/((-3)/(-63)*(-4 - -3)). Let p(b) = -b**2 - 19*b + 38. Let g be p(s). Give m(g).
20
Let b(f) = -12*f + 1. Let i = 9004 - 9005. What is b(i)?
13
Let w(p) = 47*p - 384. Let q(z) = -z**2 + 3*z + 10. Let f(d) = q(d) + w(d). Calculate f(9).
-5
Let a(o) be the second derivative of -o**5/60 - 7*o**4/24 - o**3/6 - 11*o**2/2 + 57*o. Let g(x) be the first derivative of a(x). Determine g(-8).
-9
Let q(u) be the third derivative of u**8/6720 + u**7/360 + u**6/72 + u**5/15 - 13*u**4/8 + 69*u**2. Let i(k) be the second derivative of q(k). What is i(-6)?
-16
Let t(o) = -275*o - 32. Let s(q) = 104*q + 11. Let k(r) = 8*s(r) + 3*t(r). What is k(8)?
48
Suppose 8 = o + 2*m, -3*m + m = 2*o - 6. Let y(q) = 16*q - 17. Let p(t) = 3*t - 4. Let i(u) = o*y(u) + 11*p(u). Determine i(0).
-10
Suppose -305 - 163 = -39*z. Let s(m) = -10*m + 38*m + m - 16 - 3*m - 2*m**2. Determine s(z).
8
Suppose -l - 237 = 9*l - 207. Let v(i) = -51*i - 144. Determine v(l).
9
Let s(p) = 4*p + 14. Let w be s(-4). Let g = w - -4. Let v(i) = -1 + 4 - 7*i + g*i. Calculate v(3).
-12
Suppose -2*f + 2 - 12 = 2*y, -4*f - 5*y - 15 = 0. Suppose 4*l - 1 - 7 = 0. Let n(g) = 10*g + 5 + g**2 - 2*g**2 + 0*g**l + 2*g**2. Calculate n(f).
5
Let z(n) = -n**3 - 10*n**2 - 2*n - 2. Suppose -5*o + 5*u = u + 680, -4*o - 555 = -u. Let s = 130 + o. Give z(s).
18
Let t(f) be the third derivative of -1/60*f**5 - 5*f**2 + 0*f - 2/3*f**3 - 4 - 1/4*f**4. Give t(-7).
-11
Let o(c) = -9*c + 3. Let k(f) = -2*f + 21. Let p be k(-26). Suppose 0 = -14*i - 39 - p. Let v be (12/i + 1)/(2/12). Determine o(v).
30
Let m be (-45)/18*108/(-10). Let x = m + -12. Suppose 5*b = x, b = 3*n + 6*b - 18. Let s(f) = 4*f. Determine s(n).
4
Suppose 0 = -5*i + 15, i + 9 = 3*x - 21. Let g(d) = 3*d + 2 + 19 - x - 9. Give g(-4).
-11
Let b(t) be the third derivative of -t**5/60 + t**4/24 - 4*t**3 - 196*t**2. Let q = -344 + 344. Calculate b(q).
-24
Let y = 165 - 165. Let n(h) = -h**3 - 8*h**2 + h + 5. Let b be n(y). Let d(i) = 8 - 2 + i**2 - 7*i - i. Determine d(b).
-9
Let a(k) = -38*k - k**2 - 3*k**2 + 49*k - 14*k + k**3 - 3*k**3. What is a(-4)?
76
Let c(f) = f**3 + 8*f**2 + 2*f + 8. Let d(w) = 71*w + 9932. Let i be d(-140). Give c(i).
-8
Let u(p) = -p**3 - 8*p**2 + 13*p + 108. Let f be u(-8). Let k(c) be the first derivative of 3*c**2 - 5 - 7/3*c**3 + 7*c + 1/4*c**f. What is k(6)?
7
Let x(t) = t**3 - 79*t**2 + 21*t**2 + 41*t**2 + 10 + 6*t + 23*t**2. Determine x(-6).
-26
Let g be (3 - (-189)/(-45))*(-10)/2. Let t(k) = -k**3 + 6*k**2 + 2*k - 1. Give t(g).
11
Let p(n) = -36*n**3 - 50*n**2 + 27*n - 95. Let o(v) = -7*v**3 - 10*v**2 + 5*v - 19. Let f(t) = -31*o(t) + 6*p(t). Determine f(-9).
37
Suppose 72*y + 108*y = -46*y. Let m(h) = h**3 - 4*h**2 - 2*h - 3. Determine m(y).
-3
Let s(b) = -b**3 - 5*b**2 - 6*b - 11. Let q(v) = -1. Let f(o) = -5*q(o) + s(o). Let h = 29 - 33. What is f(h)?
2
Let v(y) be the third derivative of -y**4/12 - 11*y**3/2 + 2*y**2 + 15*y - 16. Calculate v(-21).
9
Let m(b) be the second derivative of b**5/60 + b**4/6 + b**3/2 - 55*b**2/2 + 17*b - 2. Let r(s) be the first derivative of m(s). Calculate r(-2).
-1
Suppose 0 = -33*t + 39*t + 102. Let x = -11 - t. Let v(u) = -u**3 + 7*u**2 - 5*u - 4. What is v(x)?
2
Let t(z) = 3*z + 2. Let h(v) = -2*v**3 + 23*v**2 + 13*v - 7. Suppose x - 15 = 3*n, 11*n - 47 = -4*x + 10*n. Let q be h(x). Determine t(q).
17
Let b = 107 - 65. Let z(r) = 15*r**3 - 45 + b - 16*r**3 + 4*r**2. Determine z(4).
-3
Let k(t) = t**3 - 7*t**2 + 7*t - 3. Let q be (48 - 58)*(14/4)/(-7). What is k(q)?
-18
Let r(h) = 438*h + 894. Let l be r(-2). Let o(m) = m - 23. Calculate o(l).
-5
Suppose 228*z + 123 + 35 = -70. Let u(v) be the third derivative of -v**4/2 - v**3/6 - v**2. Give u(z).
11
Let v(s) = -s - 5*s**2 + 237401*s**3 - 237402*s**3 + 1 + 3. Suppose 0*c = -c + u + 14, 10 = -c - 5*u. Let n = c + -15. Determine v(n).
9
Let b(g) be the second derivative of -g**6/360 + 7*g**5/120 - g**4/2 + 95*g**3/6 + 21*g - 2. Let w(r) be the second derivative of b(r). Give w(6).
-6
Let p(i) be the third derivative of -i**5/20 + 11*i**4/8 - 31*i**3/6 - i**2 - i + 308. What is p(11)?
-31
Let c(d) = -17*d**2 - d - 105345*d**3 - 105342*d**3 + 210688*d**3 + 37. What is c(17)?
20
Let j(n) = -3*n**2 + 2*n - 2. Let o = -6753 - -6755. What is j(o)?
-10
Let z(u) = 2*u**2 - 7*u + 18. Suppose -d - 4*d - 4 = -24. Determine z(d).
22
Let w(b) be the third derivative of -b**5/60 - b**4/8 + 11*b**3/6 - b**2 + 183*b. What is w(-7)?
-17
Let f(z) = -z + 20. Let a(x) = -556*x + 13900. Let h(p) = -a(p) + 695*f(p). Calculate h(1).
-139
Let g(a) be the second derivative of -a**4/12 - 4*a**3 - 45*a**2 - 14090*a. Determine g(-5).
5
Let y(q) = -12*q**3 - q - 1. Suppose 0*p = p - 5. Let a be 1*5*(4/p + -5). Let o = 20 + a. Determine y(o).
12
Suppose 5*k - 4 = 4*m + 5, -2*m = -3*k + 7. Suppose -5 = m*c - 9. Let i(n) = -9*n + 1. Calculate i(c).
-8
Let h be 23/(-6)*534/(-8188). Let d(m) be the first derivative of h*m**4 - 4 - 5/3*m**3 + 2*m**2 + 5*m. Determine d(4).
5
Let p(k) be the second derivative of k**4/6 - 19*k**3/3 - 24*k**2 - 5*k - 15. What is p(20)?
-8
Let g(a) = -a**3 + 11*a**2 - 11*a + 7. Let i(k) be the third derivative of -k**6/120 - k**5/15 + 5*k**4/12 - k**3/3 - 31